t(c) = c**3 + 22*c**2 + 25*c + 84. What is t(-21)?
0
Let y(d) = d**2 - 147*d + 569. Give y(143).
-3
Let v(l) = 29*l - 750. What is v(7)?
-547
Let w(a) = 2639*a + 10555. Give w(-4).
-1
Let c(s) = 5*s**2 - 42*s - 647. What is c(-13)?
744
Let j(g) = -g**3 + 5*g**2 + 234*g + 15. Give j(-13).
15
Let u(t) = -t**3 + 40*t**2 + 138*t - 3975. Give u(41).
2
Let k(p) = p**3 - 69*p**2 - 143*p + 55. Give k(71).
-16
Let h(j) = 136*j + 418. Determine h(-5).
-262
Let c(j) = -1116*j + 2183. Determine c(2).
-49
Let p(i) = -2*i**3 - 13*i**2 + 9*i + 31. Determine p(-3).
-59
Let g(w) = -4*w**2 - 319*w - 244. Determine g(-79).
-7
Let i(h) = -12*h - 28. What is i(-6)?
44
Let l(n) = n**3 + 5*n**2 - 9*n - 31. Give l(4).
77
Let s(r) = r - 206. What is s(-8)?
-214
Let v(b) = b**2 - 24*b + 142. Give v(10).
2
Let m(y) = -2*y**2 + 10*y + 56. Give m(-6).
-76
Let t(o) = o**3 - 34*o**2 - 70*o + 1222. Determine t(35).
-3
Let v(p) = -2*p**2 + 9*p + 3. Give v(3).
12
Let d(y) = y**3 - 2*y**2 - 40*y + 40. Give d(9).
247
Let a(u) = u**3 + 48*u**2 + 524*u - 48. What is a(-17)?
3
Let h(d) = 43*d + 258. Determine h(-13).
-301
Let o(r) = 6*r**2 - 10*r + 7. Give o(-6).
283
Let h(f) = -f**2 + 21*f + 242. Give h(27).
80
Let a(w) = 38*w**2 - 339*w - 26. Determine a(9).
1
Let o(y) = y**3 + 14*y**2 - 15*y + 38. What is o(-14)?
248
Let d(q) = 11*q**2 + 132*q - 8. Give d(-12).
-8
Let r(k) = k**2 + 106*k + 1318. Determine r(-91).
-47
Let u(n) = 4*n**3 + 27*n**2 + 18*n. Give u(-6).
0
Let c(p) = 355*p + 2274. Calculate c(-6).
144
Let b(g) = 103*g + 1084. What is b(-11)?
-49
Let s(a) = a**2 + 35*a + 137. Give s(-31).
13
Let v(w) = -1035*w + 10344. Determine v(10).
-6
Let v(h) = -h**2 + 57*h - 80. What is v(11)?
426
Let q(k) = -k**3 - 19*k**2 + 18*k - 6. Determine q(-20).
34
Let y(d) = -d**3 + 42*d**2 - 248*d + 104. What is y(35)?
-1
Let p(v) = -14*v**2 - 137*v + 851. Calculate p(6).
-475
Let z(q) = 483*q + 6762. What is z(-14)?
0
Let k(p) = -p**2 + 20*p - 1. Give k(9).
98
Let l(m) = -m**2 + 18*m - 3. What is l(15)?
42
Let k(j) = -5*j**3 + 25*j**2 + 107*j - 23. What is k(-6)?
1315
Let h(a) = a**3 + 8*a**2 + 317*a + 2926. Determine h(-9).
-8
Let k(s) = -2*s**2 + 110*s - 500. What is k(5)?
0
Let q(a) = -a**3 + 22*a**2 - 7*a + 123. Calculate q(22).
-31
Let o(v) = -40*v - 2882. What is o(-72)?
-2
Let n(i) = 2*i**3 - 15*i**2 - 3*i + 7. Determine n(0).
7
Let j(v) = -7*v**3 + 86*v**2 + 286*v - 12. Determine j(15).
3
Let a(r) = 618*r - 1864. Calculate a(3).
-10
Let r(p) = -35*p + 300. Determine r(7).
55
Let u(a) = -2*a**3 - 68*a**2 + 64*a - 106. Calculate u(-35).
104
Let v(t) = t**2 - 3304*t - 26504. What is v(-8)?
-8
Let w(f) = -2*f**2 - 18*f + 64. What is w(-11)?
20
Let q(k) = -12*k - 151. What is q(-14)?
17
Let g(n) = -58*n - 398. What is g(-7)?
8
Let l(n) = n**3 - 45*n**2 - 50*n - 87. Determine l(46).
-271
Let c(z) = -3*z**3 + 46*z**2 + 19*z - 99. What is c(16)?
-307
Let f(m) = m**2 - 25*m + 122. Determine f(0).
122
Let b(j) = 5*j + 355. Give b(-19).
260
Let b(g) = -45*g + 90. Give b(7).
-225
Let f(z) = -19*z**3 - 800*z**2 - 84*z + 7. What is f(-42)?
7
Let h(k) = -90*k - 823. What is h(-8)?
-103
Let u(k) = 81*k + 677. Give u(-10).
-133
Let t(h) = 901*h - 21657. Give t(24).
-33
Let a(f) = f**3 + 3*f**2 - 11*f - 5. Give a(3).
16
Let p(k) = -29*k + 5533. Determine p(190).
23
Let w(r) = -2*r**2 - 28*r - 85. Determine w(-4).
-5
Let v(m) = 601*m - 6635. Calculate v(11).
-24
Let b(u) = -u**3 + u**2 - 3*u + 1. Determine b(-2).
19
Let o(x) = -15*x**2 - 1255*x + 423. Determine o(-84).
3
Let f(g) = -3*g**2 - 40*g - 189. Determine f(-5).
-64
Let c(k) = k**2 + 617*k + 1232. What is c(-2)?
2
Let m(v) = -1353*v - 52770. Determine m(-39).
-3
Let a(o) = o**2 + 17*o + 386. Give a(0).
386
Let k(n) = 34*n - 362. Give k(-9).
-668
Let i(v) = 8*v - 54. Calculate i(21).
114
Let k(c) = 333*c - 3006. Determine k(9).
-9
Let f(k) = 133*k + 3732. Give f(-28).
8
Let r(q) = 47*q**2 + 3010*q + 124. Calculate r(-64).
-4
Let h(x) = 8503*x - 8483. Calculate h(1).
20
Let a(p) = 2*p**2 - 37*p - 256. Give a(25).
69
Let v(s) = -8*s**2 - 57*s - 90. Give v(-2).
-8
Let n(w) = 387*w - 6583. What is n(17)?
-4
Let a(r) = -169*r + 7424. Give a(44).
-12
Let j(n) = 211*n - 853. Calculate j(4).
-9
Let j(l) = -3*l + 103. What is j(-5)?
118
Let z(v) = -3*v**2 - 321*v + 206. Calculate z(-107).
206
Let g(a) = -19*a**3 + 8*a**2 - 27*a + 15. What is g(2)?
-159
Let g(n) = -58*n + 4350. What is g(68)?
406
Let v(g) = -5*g**2 - 5*g + 14. Give v(1).
4
Let x(b) = b**3 + 31*b**2 + 58*b + 24. What is x(-29)?
24
Let q(o) = -1036*o + 3111. Calculate q(3).
3
Let w(z) = z**2 - 238*z + 2719. Determine w(12).
7
Let r(a) = 12*a**3 - 74*a**2 + 19*a - 13. What is r(6)?
29
Let i(a) = -35*a - 50. Give i(-1).
-15
Let s(b) = -29*b**2 + 1650*b + 184. Determine s(57).
13
Let b(a) = 19*a**2 - 6*a + 10. Determine b(3).
163
Let q(h) = h**2 - 257*h + 16422. What is q(119)?
0
Let o(d) = -61*d + 986. Give o(16).
10
Let d(u) = -6*u**2 - 81*u - 151. Determine d(-2).
-13
Let b(g) = g**3 - 48*g**2 + 52*g - 217. Give b(47).
18
Let c(m) = -3*m**3 - 23*m**2 - 27*m + 26. Determine c(-9).
593
Let g(y) = 6*y**3 + 3*y**2 - 4*y + 8. Give g(-4).
-312
Let v(j) = 184*j + 5382. Give v(-30).
-138
Let v(p) = 65*p - 3715. Determine v(57).
-10
Let x(r) = -813*r + 32. What is x(0)?
32
Let c(o) = -o**3 + 25*o**2 + 53*o + 47. Calculate c(27).
20
Let h(v) = -v**2 + 125*v - 712. Determine h(6).
2
Let r(d) = d**3 + 8*d**2 + 20*d + 34. Give r(-3).
19
Let v(f) = -f**3 - 58*f**2 + 112*f - 4308. Give v(-61).
23
Let c(k) = -5*k**2 + 41*k - 224. Calculate c(14).
-630
Let j(h) = h**3 - 14*h**2 - 15*h - 620. Give j(17).
-8
Let a(p) = -1345*p - 78008. What is a(-58)?
2
Let f(o) = -1114*o + 2195. Calculate f(2).
-33
Let a(n) = 324*n - 17497. Give a(54).
-1
Let f(q) = -14*q**2 + 50*q - 12. What is f(3)?
12
Let q(g) = 2*g**3 - 14*g**2 + 28*g + 5. Give q(7).
201
Let p(y) = y**3 + 27*y**2 + 66*y + 405. What is p(-25)?
5
Let x(z) = 16*z - 100. Calculate x(5).
-20
Let h(g) = g**3 - 18*g**2 - 44*g + 236. Determine h(20).
156
Let b(y) = -3*y**2 - 53*y - 317. What is b(-10)?
-87
Let b(w) = -w**3 - 8*w**2 + 2*w - 27. Determine b(-8).
-43
Let m(y) = 94*y**3 - 8*y + 8. What is m(1)?
94
Let p(q) = -4*q**2 + 42*q + 33. Determine p(15).
-237
Let i(u) = 531*u + 533. Give i(-1).
2
Let c(m) = -5923*m - 41451. Determine c(-7).
10
Let y(m) = 31*m + 55. What is y(0)?
55
Let m(w) = 18*w**2 - 18*w - 69. Determine m(-5).
471
Let w(h) = -155*h + 783. Calculate w(5).
8
Let l(d) = 2*d**2 + 618*d - 13170. What is l(20)?
-10
Let s(l) = -l**3 - 6*l**2 + 29*l + 141. What is s(-8)?
37
Let f(p) = 3*p + 56. What is f(-25)?
-19
Let i(g) = -30*g**2 + 15*g - 54. Determine i(2).
-144
Let l(d) = -d**2 - 48*d - 398. Calculate l(-7).
-111
Let t(z) = 6*z**2 + 268*z - 82. What is t(-45)?
8
Let d(b) = -105*b - 176. Calculate d(-4).
244
Let v(w) = 430*w - 27956. Determine v(65).
-6
Let q(j) = 6*j**2 + 232*j + 53. Determine q(-39).
131
Let y(z) = -84*z + 3934. Determine y(45).
154
Let a(f) = f**2 + 101*f + 1679. What is a(-80)?
-1
Let v(o) = o**3 - 6*o**2 - 30*o + 163. Give v(7).
2
Let t(g) = -3603*g + 18011. What is t(5)?
-4
Let i(s) = 8*s**3 + 47*s**2 + 37*s + 10. Calculate i(-5).
0
Let z(p) = p**3 - 8*p**2 + 9*p - 65. Give z(8).
7
Let m(f) = -f**3 + 6*f**2 - 18*f + 47. Give m(4).
7
Let z(k) = -k**2 - 13*k + 167. Calculate z(-25).
-133
Let g(q) = 3*q**3 + 9*q + 34. Give g(-3).
-74
Let t(z) = -2*z**2 + 557*z + 3411. Calculate t(-6).
-3
Let c(a) = -a**2 - 14*a - 38. Determine c(-10).
2
Let q(h) = 2713*h + 168208. Give q(-62).
2
Let g(j) = 4*j**3 + 4*j**2 + 29*j + 49. What is g(-2)?
-25
Let s(r) = 30*r**2 - 8*r - 4. What is s(3)?
242
Let t(x) = -101*x**3 - 2*x**2 + 5*x + 6. Calculate t(-1).
100
Let m(o) = 1638*o + 45852. What is m(-28)?
-12
Let y(k) = -k**2 + 20. What is y(-4)?
4
Let s(x) = -1015*x - 4034. What is s(-4)?
26
Let x(n) = n**2 + 129*n + 1189. Give x(-10).
-1
Let w(d) = -d**3 - 182*d**2 + 933*d - 375. Calculate w(-187).
-1
Let c(p) = -52*p + 375. Give c(8).
-41
Let d(b) = -4*b - 91. What is d(-28)?
21
Let q(z) = 4002*z - 52042. Calculate q(13).
-16
Let m(p) = -274*p + 1686. What is m(6)?
42
Let d(p) = -2*p**2 + 33*p - 71. Determine d(2).
-13
Let d(a) = 22*a**2 - 168*a - 14. What is d(8)?
50
Let k(n) = 163*n + 480. What is k(-3)?
-9
Let a(s) = -2*s**2